q**3 - 7*q**2 + 9*q - 2. Suppose -11 = 5*c - 41. Let u be a(c). Suppose -5*m + m + u = 0. Is m prime?
False
Let w be (12/(-4) + 6)/1. Suppose -5*t = 2*g - 2922 + 48, -g + w*t = -1426. Suppose 5*r + 3*o - 1655 = 0, -5*r + 223 + g = o. Is r a composite number?
False
Let s(j) = -2*j**3 - j**2 - 39*j - 8. Let l(a) = -a**3 - a**2 - 19*a - 4. Let k(n) = -7*l(n) + 3*s(n). Is k(7) a prime number?
False
Suppose -d + 5*i - 19 = -48, -i = 5*d - 15. Suppose d*m = -0*m + 76. Is m composite?
False
Suppose -6*y + 3 + 9 = 0. Suppose 2*g + 190 = 2*d, 3*d - 5*d + 190 = y*g. Is d composite?
True
Let x be (-5)/5 - (-4 - -1). Suppose 0 = -4*u + 3*s + 1993 + 2386, -x*u - 3*s + 2203 = 0. Is u prime?
True
Is ((-123)/(-5))/(30/2950) a composite number?
True
Let x be 94/(-564) - -5*10/12. Suppose -6*j = -j - 220. Suppose 4*u = 2*d - j - 106, d = -x*u + 87. Is d a composite number?
False
Let m = -2 - -4. Suppose 5*c = m*p + 2*c - 629, 0 = 3*p + 2*c - 924. Suppose 6*b - 8*b = -p. Is b prime?
False
Let u(o) = -o**2 - 5*o + 1. Suppose -5*p + 5 = 0, -2*a + 3*p - 18 = a. Let v be u(a). Is -2 - -4 - (1 - v) a composite number?
False
Let q = 13 + -16. Is 42605/35 - (19/(-7) - q) prime?
True
Let p = -13 + 15. Let r = 0 + p. Suppose 0 = -r*a - 4*f + 505 - 187, 5*a - f - 740 = 0. Is a composite?
False
Suppose 5*a - 4*z = -z - 17, -2*a + 2*z - 6 = 0. Let c(o) = 8*o**2 - 5*o + 1. Is c(a) a prime number?
True
Let s be 4/(-14) - (-2)/7. Let f(i) = -2*i**3 + 4*i**2 + 8*i + 4. Let c be f(-5). Suppose 0 = -s*y - 2*y + c. Is y composite?
False
Let u(i) = 53*i - 5. Let f be u(-4). Let r be 2 - (-1)/(1/448). Let v = r + f. Is v a composite number?
False
Let t(k) = -11*k + 1. Let j(x) = -x**3 + 10*x**2 + 5. Let d be j(10). Suppose v + 24 = -4*s + 5*v, -4*v = -d*s - 30. Is t(s) a prime number?
True
Suppose -26*x - 4111 = -27*x. Is x composite?
False
Let c(j) = 17*j**2 + 16*j - 5. Let x be c(11). Let z = x - -225. Is z a prime number?
False
Suppose 3088 = -a - 935. Let k = -1510 - a. Is k prime?
False
Let s(d) = d**3 - d**2. Let v(k) = -7*k**3 + 12*k**2 + 10*k - 8. Let m(h) = 6*s(h) + v(h). Let b be (-34)/(-51) + (-19)/(-3). Is m(b) a prime number?
True
Let a = 131 - 127. Let p(n) = -106*n + 18. Let k(s) = 53*s - 9. Let g(q) = 7*k(q) + 3*p(q). Is g(a) a prime number?
False
Let i = -41 + 26. Let f(g) = g**3 + 17*g**2 - 18*g + 29. Is f(i) prime?
False
Is 5963328/765 + 1/(-5) prime?
False
Let j(r) = 3*r**2 + 10*r + 7. Let v be j(9). Let x = v - 583. Let m = 88 - x. Is m a prime number?
True
Let y(p) = 400*p + 22. Let c(j) = -133*j - 7. Let z(t) = 7*c(t) + 2*y(t). Is z(-4) a composite number?
True
Let b be (1 - 965)/(40 + -42). Suppose -b = -2*a + 1452. Is a prime?
True
Let a(k) = 7*k**2 - 2. Let r be a(2). Suppose -6*t - 2*u + r = -t, -3*t - 3*u = -21. Is (t/(-6))/((-12)/11430) a prime number?
False
Let p(q) be the second derivative of -7*q**3/6 + 8*q**2 + 7*q. Let v be p(-10). Suppose -v - 206 = -2*c. Is c composite?
True
Let u = -10409 + 32266. Is u prime?
False
Let r = 251 - -41. Suppose -2*b + 419 = -b. Let s = b - r. Is s prime?
True
Is 574 - (5 + 9)/(-2) a composite number?
True
Suppose 0 = -8*z + 481892 - 110508. Is z composite?
True
Suppose 3*m = -3*j + 6096, -2*m + 3*j - 67 = -4126. Is m composite?
True
Let g(q) = -3808*q - 227. Is g(-30) composite?
False
Suppose 0 = -7*v + 18*v - 4367. Is v composite?
False
Let y be (8/(-10))/(3/(-30)). Let o(w) be the first derivative of 81*w**2/2 - 7*w + 21. Is o(y) a composite number?
False
Let d be (-6)/(-2)*(-3)/9. Is (-86 + 1 + 0)*d a prime number?
False
Suppose -3*o + 4*f + 1214 = -989, -4*f + 2219 = 3*o. Let y = o + -252. Is y prime?
False
Let h(j) = 2*j**3 - 5*j**2 - 7*j + 7. Let t(d) = -d**3 - 6*d**2 - 7*d - 3. Let x be t(-5). Let b be h(x). Let w = 565 - b. Is w a composite number?
True
Let k(q) = 14*q**3 + 2*q**2 + q - 2. Is k(3) a composite number?
False
Suppose -2*m = -5*t + 8783, 0*m = t - 4*m - 1753. Suppose -2*y - t = -9*y. Is y prime?
True
Let n(f) = 2*f**3 + 2*f**2 - f. Let t be n(2). Suppose t = -2*i - 6. Is (-14)/49 + (-648)/i prime?
False
Let j(v) = v**2 + 12*v + 28. Let q be j(-12). Suppose 32*k - q*k - 4292 = 0. Is k composite?
True
Let s = -18 + 20. Suppose 0 = -2*v - t + 6*t + 7583, 5*t = -s*v + 7533. Is v a composite number?
False
Let x be (-4)/(4/3) + -6. Let w be 785/35 - x/(-21). Suppose 3*a = w + 56. Is a prime?
False
Let l = -13316 - -57669. Is l a prime number?
False
Suppose 8*r - 3*r + 750 = 0. Let j = r + 227. Let y = j - 0. Is y a prime number?
False
Let r be (-10)/(-2)*(-4 - -5). Suppose -9*u + r*u + 5924 = 0. Is u prime?
True
Let p(a) = -104*a - 11. Let o be 2*-1 + -1 + -8. Is p(o) composite?
True
Let j = 760 - 295. Let i = j + -214. Is i prime?
True
Let n be 6/(-33) - (-31)/(-11). Let k = n + 9. Suppose -5*v - 3*h + 156 = 0, 0 = -4*v - k*h + h + 117. Is v prime?
False
Let v be (-7196)/10 - 21/(-35). Let s = 32 - v. Is s composite?
False
Let i = -383 - -10416. Is i prime?
False
Let q(s) = 843*s**2 - 24*s + 71. Is q(4) prime?
True
Let k = -356 - -714. Suppose 597 = 5*s - k. Is s composite?
False
Let a = 10531 - -5130. Is a prime?
True
Let c = 159 + -156. Is (1 + (-5)/2)*(-6044)/c a prime number?
False
Is 49155 - (-5 + 1 + -34 + 30) a prime number?
False
Suppose 5*j = 2*i + 20, -j - 2*j = -5*i - 12. Let l(t) = -4*t + 4 + 2*t + i*t - t. Is l(-9) composite?
False
Let i = -88 + 102. Let k = 17 + i. Is k prime?
True
Let m(t) = 35*t**2 - 35*t + 89. Is m(18) composite?
False
Suppose 12667 = d - 2*s, 5*d - 63410 = 4*s - 9*s. Is d prime?
False
Let g(l) = 11*l**3 + 6*l**2 + 28*l - 161. Is g(12) composite?
False
Suppose -5*i - q + 54707 = -4*q, -10931 = -i - 2*q. Is i a prime number?
True
Suppose 0 = 8*c - 111 - 201. Suppose c*b - 42*b = -2463. Is b a prime number?
True
Suppose 341*n - 484 = 337*n. Is n composite?
True
Is (-5)/((-10)/57372) - (59 - 60) a composite number?
False
Suppose 4*v = r + 4827, -4*r = -8*v + 11*v - 3625. Is v composite?
True
Let t be (-8)/((7 - 4) + -2). Let g(h) = 39*h + 0 + h**3 + 12*h**2 + 9 - 42*h. Is g(t) prime?
False
Let j = -3070 + 8451. Is j a prime number?
True
Let s(d) be the first derivative of 7 + 2*d**3 - 7*d + 1/2*d**4 + 0*d**2. Is s(4) a prime number?
False
Let p(h) = -h**2 - 6*h - 5. Let j be p(-4). Let d(z) = -2*z - 18*z**3 + 33*z**3 + 8 - 14*z**j. Is d(9) a prime number?
True
Let s = -70 + 70. Suppose s*c = c - 119. Is c prime?
False
Suppose 5*y + 1782 = -418. Let q = 183 - y. Is q prime?
False
Suppose -7287 = -8*c - 2239. Is c prime?
True
Suppose 4*g = -j + 43, 3*g - 2 - 16 = 4*j. Let s = 30 - g. Let q = 41 - s. Is q composite?
True
Let a = -494 + 9907. Is a composite?
False
Let a(t) = 2*t**2 + 15*t - 15. Let b be a(-12). Let i = b - -26. Is i a prime number?
False
Let m(l) = -4*l**3 - l**2 - 6. Let t(u) = -9*u**3 - u**2 - u - 13. Let d(f) = 7*m(f) - 3*t(f). Let o = 2 + -7. Is d(o) a composite number?
False
Suppose 5135 = 2*u - 891. Is u prime?
False
Let n(b) = -5*b**2 + 24*b + 37. Let t be n(-28). Let z = -716 - t. Is z prime?
False
Let c(x) = -x**3 + 3*x**2 + 3*x + 7. Let g be c(4). Suppose 2*r - 895 = -g*r. Is r prime?
True
Let r(n) = 38*n**2 - 1. Let q(b) = b**2 + 9*b + 3. Let h be q(-9). Suppose c - 4 = -h*l - 2*l, 2 = -2*c. Is r(l) composite?
False
Is (-1840)/(-6) - 18/(-54) composite?
False
Let b = 3323 + -1916. Let f = b - 92. Is f a prime number?
False
Let b be (6/2)/((-1)/(-3))*1. Suppose -b*w - 1804 = -13*w. Is w a prime number?
False
Suppose 32 = 3*g + 5*t, -g + 12 - 28 = -5*t. Suppose 0 = 5*q + 3*r - 643, -639 = 3*q - 8*q - g*r. Is q a prime number?
True
Let j(u) = u**2 - u - 6. Let y be j(-3). Suppose -a + y = 3. Suppose -z - a*z = -308. Is z prime?
False
Let j(b) be the first derivative of -17*b**2/2 + 4*b - 27. Let n(f) = -6*f**2 + f. Let q be n(1). Is j(q) prime?
True
Suppose -4*u + 5 = -7. Suppose -u*i + 2*x - 3 = 30, i = 4*x - 1. Let q = i - -270. Is q a prime number?
True
Let b(a) = 42*a**2 + 14*a - 10. Let c be b(-10). Suppose -7*d + 4*d - c = 0. Let r = d - -1991. Is r a composite number?
False
Let j(z) = 3*z - 3*z - 6*z + 10. Is j(-4) a prime number?
False
Suppose 3*d = -j + 319, -3*d + 623 + 626 = 4*j. Let h = 113 - j. Let z = h - -336. Is z prime?
True
Let h = 25868 + 7053. Is h composite?
True
Suppose y = -6*l + 4*l + 39130, -4*y - 97851 = -5*l. Is l com